 of 417303?
False
Is 38 a factor of 3039100?
False
Is 154023 a multiple of 408?
False
Is 88937 a multiple of 16?
False
Does 5 divide 2927118?
False
Is 2789456 a multiple of 679?
False
Is 217386 a multiple of 26?
True
Does 73 divide 2371943?
False
Is 10 a factor of 11262522?
False
Is 14088262 a multiple of 118?
False
Is 772259 a multiple of 656?
False
Is 68 a factor of 2860148?
True
Is 1341923 a multiple of 10?
False
Is 14 a factor of 19463968?
False
Is 72 a factor of 105120?
True
Does 19 divide 1577569?
False
Is 11 a factor of 296621?
False
Does 362 divide 2924960?
True
Does 475 divide 3811360?
False
Is 103 a factor of 1081779?
False
Is 26614320 a multiple of 519?
True
Is 173 a factor of 390730?
False
Is 63 a factor of 112018?
False
Does 28 divide 49392?
True
Is 4315193 a multiple of 21?
False
Is 587 a factor of 1284356?
True
Is 197 a factor of 1668019?
False
Does 24 divide 185053?
False
Is 67 a factor of 40468?
True
Is 12337 a multiple of 66?
False
Does 169 divide 500930?
False
Does 390 divide 3441750?
True
Is 4359319 a multiple of 13?
False
Is 290 a factor of 136846?
False
Is 50 a factor of 271101?
False
Is 439383 a multiple of 583?
False
Is 471 a factor of 3150048?
True
Does 40 divide 4365412?
False
Does 49 divide 113092?
True
Is 2175667 a multiple of 26?
False
Is 1149625 a multiple of 38?
False
Is 5738057 a multiple of 185?
False
Does 24 divide 1443144?
True
Is 348 a factor of 1402795?
False
Is 1081117 a multiple of 71?
True
Is 361 a factor of 902500?
True
Is 12 a factor of 85371?
False
Does 50 divide 66600?
True
Is 337 a factor of 512577?
True
Is 351862 a multiple of 7?
True
Does 232 divide 67744?
True
Is 2325 even?
False
Is 26 a factor of 3336213?
False
Does 10 divide 219882?
False
Is 153 a factor of 744799?
False
Is 327523 a multiple of 10?
False
Is 787761 a multiple of 13?
True
Is 312 a factor of 26345904?
True
Is 218 a factor of 7661759?
False
Is 741 a factor of 2838101?
False
Is 11206 a multiple of 19?
False
Is 1818641 a multiple of 309?
False
Is 10 a factor of 175250?
True
Does 72 divide 1394272?
False
Is 10 a factor of 108025?
False
Does 17 divide 2150458?
False
Is 12 a factor of 1039092?
True
Is 16011 a multiple of 2?
False
Is 203 a factor of 134139?
False
Is 4 a factor of 1028731?
False
Does 40 divide 137000?
True
Is 193 a factor of 148417?
True
Does 3 divide 2991258?
True
Does 8 divide 6637984?
True
Is 167 a factor of 337342?
False
Is 455 a factor of 856836?
False
Does 712 divide 67477?
False
Is 77 a factor of 36191?
False
Does 116 divide 832226?
False
Is 23 a factor of 32913?
True
Does 15 divide 823536?
False
Does 45 divide 155115?
True
Is 25 a factor of 28624259?
False
Is 928997 a multiple of 635?
False
Is 765 a factor of 32130?
True
Is 25 a factor of 12740?
False
Does 392 divide 1021755?
False
Is 472125 a multiple of 3?
True
Is 407 a factor of 14860669?
False
Does 57 divide 281409?
True
Does 4 divide 232578?
False
Does 172 divide 114724?
True
Is 339 a factor of 842415?
True
Is 75 a factor of 158775?
True
Is 719776 a multiple of 664?
True
Is 12915972 a multiple of 874?
True
Is 34247 a multiple of 36?
False
Does 104 divide 1763632?
True
Is 377 a factor of 169951?
False
Is 11525668 a multiple of 23?
True
Is 24051 a multiple of 3?
True
Is 1521510 a multiple of 15?
True
Does 42 divide 293412?
True
Is 75539 a multiple of 81?
False
Is 331 a factor of 52298?
True
Is 685704 a multiple of 24?
True
Is 12 a factor of 3299212?
False
Is 20610942 a multiple of 79?
True
Is 12 a factor of 5224500?
True
Is 345 a factor of 1907160?
True
Does 103 divide 31047?
False
Is 41 a factor of 330173?
True
Is 746283 a multiple of 17?
True
Is 2110999 a multiple of 473?
True
Is 591 a factor of 1616385?
True
Is 19 a factor of 1738728?
True
Is 99421 even?
False
Is 335593 a multiple of 35?
False
Is 14682421 a multiple of 19?
True
Does 43 divide 1021233?
False
Is 99 a factor of 14424943?
False
Does 274 divide 9847012?
True
Is 2129268 a multiple of 53?
False
Is 23169202 a multiple of 2086?
True
Is 6 a factor of 3207176?
False
Does 67 divide 188886?
False
Is 32417 a multiple of 15?
False
Does 141 divide 361808?
False
Is 108 a factor of 136296?
True
Is 5 a factor of 454970?
True
Is 441381 a multiple of 167?
True
Is 134984 a multiple of 47?
True
Is 1447005 a multiple of 19?
False
Does 22 divide 1621752?
True
Is 18 a factor of 815002?
False
Is 1187856 a multiple of 11?
False
Does 34 divide 351209?
False
Does 210 divide 5215350?
True
Is 32522 a multiple of 4?
False
Does 11 divide 193868?
False
Is 3600526 a multiple of 14?
False
Is 459 a factor of 285498?
True
Is 5564835 a multiple of 27?
True
Does 296 divide 97384?
True
Is 32 a factor of 187234?
False
Is 428 a factor of 405109?
False
Is 270751 a multiple of 59?
True
Does 47 divide 179408?
False
Is 24 a factor of 13560?
True
Is 252927 a multiple of 3?
True
Is 4199876 a multiple of 66?
False
Is 5565100 a multiple of 145?
True
Does 450 divide 13235400?
True
Does 204 divide 17676804?
True
Is 21028 a multiple of 3?
False
Is 55 a factor of 120065?
True
Does 22 divide 2825427?
False
Is 162100 a multiple of 20?
True
Is 198868 a multiple of 18?
False
Does 409 divide 441603?
False
Does 258 divide 2189904?
True
Does 11 divide 7242334?
True
Is 552919 a multiple of 25?
False
Is 9292 a multiple of 101?
True
Does 92 divide 207431?
False
Is 140555 a multiple of 16?
False
Does 49 divide 55484?
False
Does 88 divide 160864?
True
Does 75 divide 205575?
True
Is 2 a factor of 14489?
False
Does 4 divide 44592?
True
Is 2376535 a multiple of 7?
True
Does 302 divide 9764258?
False
Is 289731 a multiple of 3?
True
Does 25 divide 2473000?
True
Is 12 a factor of 2868445?
False
Is 16884679 a multiple of 16?
False
Is 38 a factor of 321556?
True
Does 24 divide 1500225?
False
Is 189497 a multiple of 161?
True
Is 8 a factor of 839105?
False
Is 326 a factor of 512070?
False
Is 5464927 a multiple of 114?
False
Does 280 divide 324399?
False
Is 28 a factor of 126905?
False
Is 164 a factor of 225828?
True
Is 729999 a multiple of 171?
True
Is 72779 a multiple of 2?
False
Does 6 divide 111048?
True
Does 583 divide 8201644?
True
Is 3541700 a multiple of 1655?
True
Does 360 divide 58680?
True
Does 2 divide 172239?
False
Is 1440 a factor of 8157600?
True
Is 572348 a multiple of 14?
True
Is 13 a factor of 1911273?
True
Is 182156 a multiple of 403?
True
Is 914 a factor of 5716245?
False
Is 1904679 a multiple of 103?
False
Is 22800 a multiple of 50?
True
Does 122 divide 6344?
True
Is 711849 a multiple of 15?
False
Is 1121722 a multiple of 19?
True
Does 74 divide 731972?
False
Is 16 a factor of 780070?
False
Is 88 a factor of 2993320?
True
Is 10640350 a multiple of 1505?
True
Is 1934 a factor of 6028632?
False
Is 199 a factor of 62884?
True
Is 69 a factor of 2281554?
True
Is 52782 a multiple of 57?
True
Is 92226 a multiple of 114?
True
Does 119 divide 122201?
False
Is 125748 a multiple of 84?
True
Is 413621 a multiple of 13?
True
Does 16 divide 12816?
True
Does 25 divide 2586500?
True
Is 1827416 even?
True
Is 26 a factor of 472940?
True
Is 11 a factor of 7507733?
False
Does 21 divide 456393?
True
Is 200378 a multiple of 25?
False
Is 219 a factor of 157461?
True
Does 230 divide 559590?
True
Is 105 a factor of 113812?
False
Does 11 divide 934548?
False
Is 706421 a multiple of 5?
False
Does 9 divide 46089?
True
Is 287385 a multiple of 17?
True
Is 55 a factor of 3514650?
False
Does 15 divide 1030965?
True
Is 30 a factor of 33036?
False
Is 199790 a multiple of 222?
False
Is 212608 a multiple of 44?
True
Is 51 a factor of 129057?
False
Does 26 divide 26972?
False
Is 21107 a multiple of 24?
False
Does 32 divide 701152?
True
Does 3 divide 401001?
True
Is 7 a factor of 74536?
True
Is 37 a factor of 875383?
True
Is 25 a factor of 576729?
False
Is 77566 a multiple of 24?
False
Is 5768700 a multiple of 1675?
True
Does 53 divide 11999465?
True
Does 108 divide 320436?
True
Does 408 divide 41616?
True
Is 72 a factor of 162890?
False
Is 737007 a multiple of 20?
False
Is 205995 a multiple of 15?
True
Does 17 divide 50077?
False
Is 1098 a multiple of 4?
False
Is 41 a factor of 5280167?
False
Is 838998 a multiple of 62?
False
Does 16 divide 2768224?
True
Does 60 divide 311760?
True
Does 282 divide 7044924?
True
Is 267698 a multiple of 586?
False
Does 16 divide 73962?
False
Is 75